{"id":15072,"date":"2026-04-12T13:23:45","date_gmt":"2026-04-12T16:23:45","guid":{"rendered":"https:\/\/www.institutosananda.org\/?page_id=15072"},"modified":"2026-04-19T12:09:49","modified_gmt":"2026-04-19T15:09:49","slug":"formulario-do-protocolo-terapeutico","status":"publish","type":"page","link":"https:\/\/www.institutosananda.org\/index.php\/formulario-do-protocolo-terapeutico\/","title":{"rendered":"FORMULARIO DO PROTOCOLO TERAP\u00caUTICO"},"content":{"rendered":"\t\t<div data-elementor-type=\"wp-page\" data-elementor-id=\"15072\" class=\"elementor elementor-15072\" data-elementor-post-type=\"page\">\n\t\t\t\t\t\t<section class=\"elementor-section elementor-top-section elementor-element elementor-element-bb59d6e elementor-section-boxed elementor-section-height-default elementor-section-height-default\" data-id=\"bb59d6e\" data-element_type=\"section\" data-settings=\"{&quot;background_background&quot;:&quot;classic&quot;}\">\n\t\t\t\t\t\t<div class=\"elementor-container elementor-column-gap-default\">\n\t\t\t\t\t<div class=\"elementor-column elementor-col-100 elementor-top-column elementor-element elementor-element-f69b58d\" data-id=\"f69b58d\" data-element_type=\"column\">\n\t\t\t<div class=\"elementor-widget-wrap\">\n\t\t\t\t\t\t\t<\/div>\n\t\t<\/div>\n\t\t\t\t\t<\/div>\n\t\t<\/section>\n\t\t\t\t<section class=\"elementor-section elementor-top-section elementor-element elementor-element-9ebaefb elementor-section-boxed elementor-section-height-default elementor-section-height-default\" data-id=\"9ebaefb\" data-element_type=\"section\" data-settings=\"{&quot;background_background&quot;:&quot;classic&quot;}\">\n\t\t\t\t\t\t<div class=\"elementor-container elementor-column-gap-default\">\n\t\t\t\t\t<div class=\"elementor-column elementor-col-100 elementor-top-column elementor-element elementor-element-7cc7a50\" data-id=\"7cc7a50\" data-element_type=\"column\">\n\t\t\t<div class=\"elementor-widget-wrap elementor-element-populated\">\n\t\t\t\t\t\t<div class=\"elementor-element elementor-element-711f232 elementor-widget elementor-widget-heading\" data-id=\"711f232\" data-element_type=\"widget\" data-widget_type=\"heading.default\">\n\t\t\t\t<div class=\"elementor-widget-container\">\n\t\t\t<h2 class=\"elementor-heading-title elementor-size-default\">Formul\u00e1rio de Avalia\u00e7\u00e3o do Protocolo Terap\u00eautico<\/h2>\t\t<\/div>\n\t\t\t\t<\/div>\n\t\t\t\t\t<\/div>\n\t\t<\/div>\n\t\t\t\t\t<\/div>\n\t\t<\/section>\n\t\t\t\t<section class=\"elementor-section elementor-top-section elementor-element elementor-element-84fdd4f elementor-section-boxed elementor-section-height-default elementor-section-height-default\" data-id=\"84fdd4f\" data-element_type=\"section\" data-settings=\"{&quot;background_background&quot;:&quot;classic&quot;}\">\n\t\t\t\t\t\t<div class=\"elementor-container elementor-column-gap-default\">\n\t\t\t\t\t<div class=\"elementor-column elementor-col-100 elementor-top-column elementor-element elementor-element-5998492\" data-id=\"5998492\" data-element_type=\"column\">\n\t\t\t<div class=\"elementor-widget-wrap elementor-element-populated\">\n\t\t\t\t\t\t<div class=\"elementor-element elementor-element-3feb85c elementor-widget elementor-widget-shortcode\" data-id=\"3feb85c\" data-element_type=\"widget\" data-widget_type=\"shortcode.default\">\n\t\t\t\t<div class=\"elementor-widget-container\">\n\t\t\t\t\t<div class=\"elementor-shortcode\"><div role=\"form\" class=\"wpcf7\" id=\"wpcf7-f14560-o1\" lang=\"en-US\" dir=\"ltr\">\n<div class=\"screen-reader-response\"><p role=\"status\" aria-live=\"polite\" aria-atomic=\"true\"><\/p> <ul><\/ul><\/div>\n<form action=\"\/index.php\/wp-json\/wp\/v2\/pages\/15072#wpcf7-f14560-o1\" method=\"post\" class=\"wpcf7-form init\" novalidate=\"novalidate\" data-status=\"init\">\n<div style=\"display: none;\">\n<input type=\"hidden\" name=\"_wpcf7\" value=\"14560\" \/>\n<input type=\"hidden\" name=\"_wpcf7_version\" value=\"5.4.2\" \/>\n<input type=\"hidden\" name=\"_wpcf7_locale\" value=\"en_US\" \/>\n<input type=\"hidden\" name=\"_wpcf7_unit_tag\" value=\"wpcf7-f14560-o1\" \/>\n<input type=\"hidden\" name=\"_wpcf7_container_post\" value=\"0\" \/>\n<input type=\"hidden\" name=\"_wpcf7_posted_data_hash\" value=\"\" \/>\n<input type=\"hidden\" name=\"_wpcf7_recaptcha_response\" value=\"\" \/>\n<\/div>\n<div class=\"contact-form-wrap\">\n<div class=\"row\">\n<div class=\"col-md-6\"><label>Nome completo<span class=\"wpcf7-form-control-wrap seu-nome\"><input type=\"text\" name=\"seu-nome\" value=\"\" size=\"40\" class=\"wpcf7-form-control wpcf7-text wpcf7-validates-as-required\" aria-required=\"true\" aria-invalid=\"false\" \/><\/span><\/label><\/div>\n<div class=\"col-md-6\"><label>Telefone<span class=\"wpcf7-form-control-wrap seu-telefone\"><input type=\"text\" name=\"seu-telefone\" value=\"\" size=\"40\" class=\"wpcf7-form-control wpcf7-text wpcf7-validates-as-required\" aria-required=\"true\" aria-invalid=\"false\" \/><\/span><\/label><\/div>\n<div class=\"col-md-6\"><label>E-mail<span class=\"wpcf7-form-control-wrap seu-email\"><input type=\"email\" name=\"seu-email\" value=\"\" size=\"40\" class=\"wpcf7-form-control wpcf7-text wpcf7-email wpcf7-validates-as-required wpcf7-validates-as-email\" aria-required=\"true\" aria-invalid=\"false\" \/><\/span><\/label><\/div>\n<div class=\"col-md-6\"><label>Confirme seu E-mail<span class=\"wpcf7-form-control-wrap seu-email-confirm\"><input type=\"email\" name=\"seu-email-confirm\" value=\"\" size=\"40\" class=\"wpcf7-form-control wpcf7-text wpcf7-email wpcf7-validates-as-required wpcf7-validates-as-email\" aria-required=\"true\" aria-invalid=\"false\" \/><\/span><\/label><\/div>\n<div class=\"col-md-12\"><label>Voc\u00ea conseguiu assistir e praticar todos os temas? <span class=\"wpcf7-form-control-wrap sua-mensagem1\"><input type=\"text\" name=\"sua-mensagem1\" value=\"\" size=\"40\" class=\"wpcf7-form-control wpcf7-text wpcf7-validates-as-required\" aria-required=\"true\" aria-invalid=\"false\" \/><\/span><\/label><\/div>\n<div class=\"col-md-12\"><label>Voc\u00ea sentiu mudan\u00e7as positivas em seus pensamentos? <span class=\"wpcf7-form-control-wrap sua-mensagem2\"><input type=\"text\" name=\"sua-mensagem2\" value=\"\" size=\"40\" class=\"wpcf7-form-control wpcf7-text wpcf7-validates-as-required\" aria-required=\"true\" aria-invalid=\"false\" \/><\/span><\/label><\/div>\n<div class=\"col-md-12\"><label>Voc\u00ea percebeu melhorias em suas emo\u00e7\u00f5es?  <span class=\"wpcf7-form-control-wrap sua-mensagem3\"><input type=\"text\" name=\"sua-mensagem3\" value=\"\" size=\"40\" class=\"wpcf7-form-control wpcf7-text wpcf7-validates-as-required\" aria-required=\"true\" aria-invalid=\"false\" \/><\/span><\/label><\/div>\n<div class=\"col-md-12\"><label>Houve impacto positivo em suas a\u00e7\u00f5es e atitudes di\u00e1rias? <span class=\"wpcf7-form-control-wrap sua-mensagem4\"><input type=\"text\" name=\"sua-mensagem4\" value=\"\" size=\"40\" class=\"wpcf7-form-control wpcf7-text wpcf7-validates-as-required\" aria-required=\"true\" aria-invalid=\"false\" \/><\/span><\/label><\/div>\n<div class=\"col-md-12\"><label>Voc\u00ea sente que assumiu mais responsabilidade pelo seu processo de autocura?  <span class=\"wpcf7-form-control-wrap sua-mensagem5\"><input type=\"text\" name=\"sua-mensagem5\" value=\"\" size=\"40\" class=\"wpcf7-form-control wpcf7-text wpcf7-validates-as-required\" aria-required=\"true\" aria-invalid=\"false\" \/><\/span><\/label><\/div>\n<div class=\"col-md-12\"><label>O que foi mais transformador para voc\u00ea durante esses 21 dias <span class=\"wpcf7-form-control-wrap sua-mensagem6\"><input type=\"text\" name=\"sua-mensagem6\" value=\"\" size=\"40\" class=\"wpcf7-form-control wpcf7-text wpcf7-validates-as-required\" aria-required=\"true\" aria-invalid=\"false\" \/><\/span><\/label><\/div>\n<div class=\"col-md-12\"><label>Qual foi o maior desafio que enfrentou durante o processo? <span class=\"wpcf7-form-control-wrap sua-mensagem7\"><input type=\"text\" name=\"sua-mensagem7\" value=\"\" size=\"40\" class=\"wpcf7-form-control wpcf7-text wpcf7-validates-as-required\" aria-required=\"true\" aria-invalid=\"false\" \/><\/span><\/label><\/div>\n<div class=\"col-md-12\"><label>Qual dos temas mais impactou sua vida? Por qu\u00ea? <span class=\"wpcf7-form-control-wrap sua-mensagem8\"><input type=\"text\" name=\"sua-mensagem8\" value=\"\" size=\"40\" class=\"wpcf7-form-control wpcf7-text wpcf7-validates-as-required\" aria-required=\"true\" aria-invalid=\"false\" \/><\/span><\/label><\/div>\n<div class=\"col-md-12\"><label>Quais mudan\u00e7as pr\u00e1ticas voc\u00ea percebeu em si mesmo? <span class=\"wpcf7-form-control-wrap sua-mensagem9\"><input type=\"text\" name=\"sua-mensagem9\" value=\"\" size=\"40\" class=\"wpcf7-form-control wpcf7-text wpcf7-validates-as-required\" aria-required=\"true\" aria-invalid=\"false\" \/><\/span><\/label><\/div>\n<div class=\"col-md-12\"><label>Voc\u00ea pretende continuar aplicando os aprendizados ap\u00f3s os 21 dias? <span class=\"wpcf7-form-control-wrap sua-mensagem10\"><input type=\"text\" name=\"sua-mensagem10\" value=\"\" size=\"40\" class=\"wpcf7-form-control wpcf7-text wpcf7-validates-as-required\" aria-required=\"true\" aria-invalid=\"false\" \/><\/span><\/label><\/div>\n<div class=\"col-md-12\"><span class=\"wpcf7-form-control-wrap your-message\"><textarea name=\"your-message\" cols=\"40\" rows=\"10\" class=\"wpcf7-form-control wpcf7-textarea wpcf7-validates-as-required\" aria-required=\"true\" aria-invalid=\"false\" placeholder=\"Conte em suas palavras como foi sua experi\u00eancia nesses 21 dias.\"><\/textarea><\/span><\/div>\n<div class=\"col-md-12\">\n\n<\/div>\n<div class=\"col-md-12\"><button class=\"btn\">Enviar agora!<\/button><\/div>\n<\/div>\n<\/div>\n<p><script>\ndocument.addEventListener( 'wpcf7submit', function( event ) {if(event.detail.status == 'mail_sent'){alert('Sua mensagem foi enviada com sucesso!');}else{alert('ERRO! Ocorreram erros durante sua inscri\u00e7\u00e3o. Verifique as mensagens exibidas e tente novamente.')};setTimeout(function() {jQuery(\".contact-form-wrap .btn\").prop(\"disabled\", false).html(\"Enviar agora!\");}, 4000);}, false );jQuery('form.wpcf7-form').on('submit',function() {jQuery(\".contact-form-wrap .btn\").prop(\"disabled\", true).html(\"<img decoding='async' src='https:\/\/www.institutosananda.org\/wp-content\/uploads\/2022\/01\/loading-formulario.gif' width='20' \/> Por favor aguarde...\");});\n<\/script><\/p>\n<div class=\"wpcf7-response-output\" aria-hidden=\"true\"><\/div><\/form><\/div><\/div>\n\t\t\t\t<\/div>\n\t\t\t\t<\/div>\n\t\t\t\t\t<\/div>\n\t\t<\/div>\n\t\t\t\t\t<\/div>\n\t\t<\/section>\n\t\t\t\t<section class=\"elementor-section elementor-top-section elementor-element elementor-element-2d119b2 elementor-section-boxed elementor-section-height-default elementor-section-height-default\" data-id=\"2d119b2\" data-element_type=\"section\" data-settings=\"{&quot;background_background&quot;:&quot;classic&quot;}\">\n\t\t\t\t\t\t<div class=\"elementor-container elementor-column-gap-default\">\n\t\t\t\t\t<div class=\"elementor-column elementor-col-100 elementor-top-column elementor-element elementor-element-742db0d\" data-id=\"742db0d\" data-element_type=\"column\">\n\t\t\t<div class=\"elementor-widget-wrap elementor-element-populated\">\n\t\t\t\t\t\t<div class=\"elementor-element elementor-element-02b1e31 elementor-widget elementor-widget-text-editor\" data-id=\"02b1e31\" data-element_type=\"widget\" data-widget_type=\"text-editor.default\">\n\t\t\t\t<div class=\"elementor-widget-container\">\n\t\t\t\t\t\t\t<p><br \/><strong>Instituto Sananda &#8211; Terapias Integrativas<br \/>Associa\u00e7\u00e3o sem fins lucrativos<br \/><\/strong>E-mail: <strong>institutosananda@gmail.com<\/strong><\/p>\t\t\t\t\t\t<\/div>\n\t\t\t\t<\/div>\n\t\t\t\t\t<\/div>\n\t\t<\/div>\n\t\t\t\t\t<\/div>\n\t\t<\/section>\n\t\t\t\t<\/div>\n\t\t","protected":false},"excerpt":{"rendered":"<p>Formul\u00e1rio de Avalia\u00e7\u00e3o do Protocolo Terap\u00eautico Instituto Sananda &#8211; Terapias IntegrativasAssocia\u00e7\u00e3o sem fins lucrativosE-mail: institutosananda@gmail.com<\/p>\n","protected":false},"author":1,"featured_media":0,"parent":0,"menu_order":0,"comment_status":"closed","ping_status":"closed","template":"elementor_header_footer","meta":{"footnotes":""},"class_list":["post-15072","page","type-page","status-publish","hentry"],"_links":{"self":[{"href":"https:\/\/www.institutosananda.org\/index.php\/wp-json\/wp\/v2\/pages\/15072","targetHints":{"allow":["GET"]}}],"collection":[{"href":"https:\/\/www.institutosananda.org\/index.php\/wp-json\/wp\/v2\/pages"}],"about":[{"href":"https:\/\/www.institutosananda.org\/index.php\/wp-json\/wp\/v2\/types\/page"}],"author":[{"embeddable":true,"href":"https:\/\/www.institutosananda.org\/index.php\/wp-json\/wp\/v2\/users\/1"}],"replies":[{"embeddable":true,"href":"https:\/\/www.institutosananda.org\/index.php\/wp-json\/wp\/v2\/comments?post=15072"}],"version-history":[{"count":7,"href":"https:\/\/www.institutosananda.org\/index.php\/wp-json\/wp\/v2\/pages\/15072\/revisions"}],"predecessor-version":[{"id":15349,"href":"https:\/\/www.institutosananda.org\/index.php\/wp-json\/wp\/v2\/pages\/15072\/revisions\/15349"}],"wp:attachment":[{"href":"https:\/\/www.institutosananda.org\/index.php\/wp-json\/wp\/v2\/media?parent=15072"}],"curies":[{"name":"wp","href":"https:\/\/api.w.org\/{rel}","templated":true}]}}