{"id":14816,"date":"2026-04-10T15:45:21","date_gmt":"2026-04-10T18:45:21","guid":{"rendered":"https:\/\/www.institutosananda.org\/?page_id=14816"},"modified":"2026-04-13T19:19:53","modified_gmt":"2026-04-13T22:19:53","slug":"atendimento-reiki","status":"publish","type":"page","link":"https:\/\/www.institutosananda.org\/index.php\/atendimento-reiki\/","title":{"rendered":"ATENDIMENTO REIKI"},"content":{"rendered":"\t\t<div data-elementor-type=\"wp-page\" data-elementor-id=\"14816\" class=\"elementor elementor-14816\" data-elementor-post-type=\"page\">\n\t\t\t\t\t\t<section class=\"elementor-section elementor-top-section elementor-element elementor-element-bb59d6e elementor-section-boxed elementor-section-height-default elementor-section-height-default\" data-id=\"bb59d6e\" data-element_type=\"section\" data-settings=\"{&quot;background_background&quot;:&quot;classic&quot;}\">\n\t\t\t\t\t\t<div class=\"elementor-container elementor-column-gap-default\">\n\t\t\t\t\t<div class=\"elementor-column elementor-col-100 elementor-top-column elementor-element elementor-element-f69b58d\" data-id=\"f69b58d\" data-element_type=\"column\">\n\t\t\t<div class=\"elementor-widget-wrap elementor-element-populated\">\n\t\t\t\t\t\t<div class=\"elementor-element elementor-element-ee65618 elementor-align-center elementor-widget__width-initial elementor-fixed animated-slow elementor-invisible elementor-widget elementor-widget-button\" data-id=\"ee65618\" data-element_type=\"widget\" data-settings=\"{&quot;_position&quot;:&quot;fixed&quot;,&quot;_animation&quot;:&quot;slideInDown&quot;,&quot;_animation_delay&quot;:1000}\" data-widget_type=\"button.default\">\n\t\t\t\t<div class=\"elementor-widget-container\">\n\t\t\t\t\t\t\t<div class=\"elementor-button-wrapper\">\n\t\t\t\t\t<a class=\"elementor-button elementor-button-link elementor-size-sm\" href=\"https:\/\/www.institutosananda.org\/\" target=\"_blank\">\n\t\t\t\t\t\t<span class=\"elementor-button-content-wrapper\">\n\t\t\t\t\t\t<span class=\"elementor-button-icon\">\n\t\t\t\t<i aria-hidden=\"true\" class=\"fab fa-whatsapp\"><\/i>\t\t\t<\/span>\n\t\t\t\t\t\t\t\t\t<span class=\"elementor-button-text\">A partir de maio de 2026, nossos atendimentos <br><br> ser\u00e3o realizados exclusivamente no formato on-line. <br><br>  Favor aguarde a libera\u00e7\u00e3o do sistema de agendamento.  <\/span>\n\t\t\t\t\t<\/span>\n\t\t\t\t\t<\/a>\n\t\t\t\t<\/div>\n\t\t\t\t\t\t<\/div>\n\t\t\t\t<\/div>\n\t\t\t\t\t<\/div>\n\t\t<\/div>\n\t\t\t\t\t<\/div>\n\t\t<\/section>\n\t\t\t\t<section class=\"elementor-section elementor-top-section elementor-element elementor-element-190f9a9 elementor-section-boxed elementor-section-height-default elementor-section-height-default\" data-id=\"190f9a9\" data-element_type=\"section\" data-settings=\"{&quot;background_background&quot;:&quot;classic&quot;}\">\n\t\t\t\t\t\t<div class=\"elementor-container elementor-column-gap-default\">\n\t\t\t\t\t<div class=\"elementor-column elementor-col-100 elementor-top-column elementor-element elementor-element-7497604\" data-id=\"7497604\" data-element_type=\"column\">\n\t\t\t<div class=\"elementor-widget-wrap elementor-element-populated\">\n\t\t\t\t\t\t<div class=\"elementor-element elementor-element-bbcdbc2 elementor-widget elementor-widget-heading\" data-id=\"bbcdbc2\" data-element_type=\"widget\" data-widget_type=\"heading.default\">\n\t\t\t\t<div class=\"elementor-widget-container\">\n\t\t\t<h2 class=\"elementor-heading-title elementor-size-default\">Terapia Reiki<\/h2>\t\t<\/div>\n\t\t\t\t<\/div>\n\t\t\t\t<div class=\"elementor-element elementor-element-10c9eaa elementor-widget elementor-widget-heading\" data-id=\"10c9eaa\" data-element_type=\"widget\" data-widget_type=\"heading.default\">\n\t\t\t\t<div class=\"elementor-widget-container\">\n\t\t\t<h2 class=\"elementor-heading-title elementor-size-default\">Atendimento online ao vivo, com hora marcada, por videochamada com o terapeuta.<\/h2>\t\t<\/div>\n\t\t\t\t<\/div>\n\t\t\t\t<div class=\"elementor-element elementor-element-f98fff0 elementor-widget elementor-widget-heading\" data-id=\"f98fff0\" data-element_type=\"widget\" data-widget_type=\"heading.default\">\n\t\t\t\t<div class=\"elementor-widget-container\">\n\t\t\t<h2 class=\"elementor-heading-title elementor-size-default\">Gratuito!<\/h2>\t\t<\/div>\n\t\t\t\t<\/div>\n\t\t\t\t\t<\/div>\n\t\t<\/div>\n\t\t\t\t\t<\/div>\n\t\t<\/section>\n\t\t\t\t<section class=\"elementor-section elementor-top-section elementor-element elementor-element-b8fad1c elementor-section-boxed elementor-section-height-default elementor-section-height-default\" data-id=\"b8fad1c\" data-element_type=\"section\" data-settings=\"{&quot;background_background&quot;:&quot;classic&quot;}\">\n\t\t\t\t\t\t<div class=\"elementor-container elementor-column-gap-default\">\n\t\t\t\t\t<div class=\"elementor-column elementor-col-100 elementor-top-column elementor-element elementor-element-f0df7f8\" data-id=\"f0df7f8\" data-element_type=\"column\">\n\t\t\t<div class=\"elementor-widget-wrap elementor-element-populated\">\n\t\t\t\t\t\t<div class=\"elementor-element elementor-element-ab7b33b elementor-widget elementor-widget-section-head\" data-id=\"ab7b33b\" data-element_type=\"widget\" data-widget_type=\"section-head.default\">\n\t\t\t\t<div class=\"elementor-widget-container\">\n\t\t\t\t        <div class=\"section-title t-section-title t-features-title text-center \" style=\"background-image: url();\">\r\n\t            \t\t    \t<p >Uma pr\u00e1tica energ\u00e9tica de harmoniza\u00e7\u00e3o que promove equil\u00edbrio, relaxamento e reconex\u00e3o com o seu estado natural de bem-estar.\n\nO Reiki \u00e9 uma t\u00e9cnica terap\u00eautica reconhecida mundialmente, baseada na canaliza\u00e7\u00e3o da energia vital universal, com o objetivo de restaurar o equil\u00edbrio energ\u00e9tico, emocional e mental.\n\nNo Instituto Sananda, o atendimento com Reiki vai al\u00e9m da aplica\u00e7\u00e3o tradicional ele \u00e9 conduzido com presen\u00e7a, escuta e consci\u00eancia, respeitando o momento e a necessidade de cada pessoa.\n\nA sess\u00e3o \u00e9 realizada de forma individual e online, mantendo sua profundidade e efic\u00e1cia, pois a energia n\u00e3o est\u00e1 limitada ao espa\u00e7o f\u00edsico.<\/p>\r\n\t\t    \t\t        <\/div>\r\n\r\n\t    \t\t\t<\/div>\n\t\t\t\t<\/div>\n\t\t\t\t<div class=\"elementor-element elementor-element-b5f6e6f elementor-widget elementor-widget-heading\" data-id=\"b5f6e6f\" data-element_type=\"widget\" data-widget_type=\"heading.default\">\n\t\t\t\t<div class=\"elementor-widget-container\">\n\t\t\t<h2 class=\"elementor-heading-title elementor-size-default\">Como funciona o atendimento:<\/h2>\t\t<\/div>\n\t\t\t\t<\/div>\n\t\t\t\t<div class=\"elementor-element elementor-element-6d09215 elementor-widget elementor-widget-heading\" data-id=\"6d09215\" data-element_type=\"widget\" data-widget_type=\"heading.default\">\n\t\t\t\t<div class=\"elementor-widget-container\">\n\t\t\t<h2 class=\"elementor-heading-title elementor-size-default\">\u2728 Escuta ativa e acolhimento<\/h2>\t\t<\/div>\n\t\t\t\t<\/div>\n\t\t\t\t<div class=\"elementor-element elementor-element-5894dca elementor-widget elementor-widget-section-head\" data-id=\"5894dca\" data-element_type=\"widget\" data-widget_type=\"section-head.default\">\n\t\t\t\t<div class=\"elementor-widget-container\">\n\t\t\t\t        <div class=\"section-title t-section-title t-features-title text-center \" style=\"background-image: url();\">\r\n\t            \t\t    \t<p >Um espa\u00e7o seguro para voc\u00ea compartilhar o que est\u00e1 vivendo. Esse momento permite compreender seu estado emocional, mental e energ\u00e9tico, al\u00e9m de j\u00e1 promover clareza e al\u00edvio interno..\n\n<\/p>\r\n\t\t    \t\t        <\/div>\r\n\r\n\t    \t\t\t<\/div>\n\t\t\t\t<\/div>\n\t\t\t\t<div class=\"elementor-element elementor-element-18ea2dd elementor-widget elementor-widget-heading\" data-id=\"18ea2dd\" data-element_type=\"widget\" data-widget_type=\"heading.default\">\n\t\t\t\t<div class=\"elementor-widget-container\">\n\t\t\t<h2 class=\"elementor-heading-title elementor-size-default\">\u2728 Envio de Reiki \u00e0 dist\u00e2ncia<\/h2>\t\t<\/div>\n\t\t\t\t<\/div>\n\t\t\t\t<div class=\"elementor-element elementor-element-b13620f elementor-widget elementor-widget-section-head\" data-id=\"b13620f\" data-element_type=\"widget\" data-widget_type=\"section-head.default\">\n\t\t\t\t<div class=\"elementor-widget-container\">\n\t\t\t\t        <div class=\"section-title t-section-title t-features-title text-center \" style=\"background-image: url();\">\r\n\t            \t\t    \t<p >Com voc\u00ea em estado de relaxamento, o terapeuta realiza a condu\u00e7\u00e3o energ\u00e9tica utilizando os fundamentos do Reiki, incluindo:<br><br>\n\n\u2728Conex\u00e3o energ\u00e9tica \u00e0 dist\u00e2ncia<br>\n\u2728Harmoniza\u00e7\u00e3o emocional e mental<br>\n\u2728Intensifica\u00e7\u00e3o e direcionamento do fluxo energ\u00e9tico<br>\n\u2728Atua\u00e7\u00e3o nos chakras principais<br><br>\n\nDurante o processo, s\u00e3o utilizados s\u00edmbolos tradicionais do Reiki que auxiliam na conex\u00e3o, no equil\u00edbrio emocional e na potencializa\u00e7\u00e3o da energia, favorecendo uma atua\u00e7\u00e3o mais profunda no seu campo energ\u00e9tico.\n\nO atendimento conduz o corpo e a mente a um estado de relaxamento profundo, permitindo que a energia atue de forma natural, respeitando o seu tempo e suas necessidades.<br><br>\n<b>Ap\u00f3s a sess\u00e3o, voc\u00ea ainda recebe um acompanhamento com o Protocolo Terap\u00eautico de 21 dias, com conte\u00fados di\u00e1rios que auxiliam na integra\u00e7\u00e3o das mudan\u00e7as, fortalecimento emocional e amplia\u00e7\u00e3o da consci\u00eancia<\/b><\/p>\r\n\t\t    \t\t        <\/div>\r\n\r\n\t    \t\t\t<\/div>\n\t\t\t\t<\/div>\n\t\t\t\t<div class=\"elementor-element elementor-element-ea992af elementor-widget elementor-widget-heading\" data-id=\"ea992af\" data-element_type=\"widget\" data-widget_type=\"heading.default\">\n\t\t\t\t<div class=\"elementor-widget-container\">\n\t\t\t<h2 class=\"elementor-heading-title elementor-size-default\">\u00c9 indicado para quem:<\/h2>\t\t<\/div>\n\t\t\t\t<\/div>\n\t\t\t\t<div class=\"elementor-element elementor-element-89e668f elementor-widget elementor-widget-section-head\" data-id=\"89e668f\" data-element_type=\"widget\" data-widget_type=\"section-head.default\">\n\t\t\t\t<div class=\"elementor-widget-container\">\n\t\t\t\t        <div class=\"section-title t-section-title t-features-title text-center \" style=\"background-image: url();\">\r\n\t            \t\t    \t<p >\u2728 Sente ansiedade, estresse ou sobrecarga emocional<br>\n\u2728 Tem dificuldade para dormir ou sofre com ins\u00f4nia<br>\n\u2728 Vive tens\u00e3o constante no dia a dia<br>\n\u2728 Deseja equilibrar suas emo\u00e7\u00f5es<br>\n\u2728 Sente irritabilidade, ang\u00fastia ou inquieta\u00e7\u00e3o<br>\n\u2728 Precisa desacelerar e se reconectar<br>\n\u2728 Sente cansa\u00e7o f\u00edsico e mental frequente<br>\n\u2728 Est\u00e1 passando por momentos dif\u00edceis<br>\n\u2728 Enfrenta mudan\u00e7as ou fases de transi\u00e7\u00e3o<br>\n\u2728 Sente bloqueios emocionais<br>\n\u2728 Quer desenvolver mais equil\u00edbrio interno<br>\n\u2728 Tem dificuldade em lidar com pensamentos acelerados<br>\n\u2728 Busca apoio complementar para sua sa\u00fade emocional<br>\n\u2728 Sente-se energeticamente esgotado<br>\n\u2728 Sente desconex\u00e3o consigo mesmo<br>\n\u2728 Deseja aliviar tens\u00f5es internas<br>\n\u2728 Busca um estado maior de paz e tranquilidade\n<\/p>\r\n\t\t    \t\t        <\/div>\r\n\r\n\t    \t\t\t<\/div>\n\t\t\t\t<\/div>\n\t\t\t\t<div class=\"elementor-element elementor-element-aea999a elementor-widget elementor-widget-video\" data-id=\"aea999a\" data-element_type=\"widget\" data-settings=\"{&quot;youtube_url&quot;:&quot;https:\\\/\\\/youtu.be\\\/EuaxN17t71o&quot;,&quot;video_type&quot;:&quot;youtube&quot;,&quot;controls&quot;:&quot;yes&quot;}\" data-widget_type=\"video.default\">\n\t\t\t\t<div class=\"elementor-widget-container\">\n\t\t\t\t\t<div class=\"elementor-wrapper elementor-open-inline\">\n\t\t\t<div class=\"elementor-video\"><\/div>\t\t<\/div>\n\t\t\t\t<\/div>\n\t\t\t\t<\/div>\n\t\t\t\t<div class=\"elementor-element elementor-element-2af737a elementor-widget elementor-widget-heading\" data-id=\"2af737a\" data-element_type=\"widget\" data-widget_type=\"heading.default\">\n\t\t\t\t<div class=\"elementor-widget-container\">\n\t\t\t<h2 class=\"elementor-heading-title elementor-size-default\">Importante!<\/h2>\t\t<\/div>\n\t\t\t\t<\/div>\n\t\t\t\t<div class=\"elementor-element elementor-element-38b7d30 elementor-widget elementor-widget-section-head\" data-id=\"38b7d30\" data-element_type=\"widget\" data-widget_type=\"section-head.default\">\n\t\t\t\t<div class=\"elementor-widget-container\">\n\t\t\t\t        <div class=\"section-title t-section-title t-features-title text-center \" style=\"background-image: url();\">\r\n\t            \t\t    \t<p >O Reiki n\u00e3o substitui tratamentos m\u00e9dicos ou psicol\u00f3gicos, mas atua como uma pr\u00e1tica complementar de cuidado e desenvolvimento pessoal.\n<\/p>\r\n\t\t    \t\t        <\/div>\r\n\r\n\t    \t\t\t<\/div>\n\t\t\t\t<\/div>\n\t\t\t\t\t<\/div>\n\t\t<\/div>\n\t\t\t\t\t<\/div>\n\t\t<\/section>\n\t\t\t\t<section class=\"elementor-section elementor-top-section elementor-element elementor-element-2d119b2 elementor-section-boxed elementor-section-height-default elementor-section-height-default\" data-id=\"2d119b2\" data-element_type=\"section\" data-settings=\"{&quot;background_background&quot;:&quot;classic&quot;}\">\n\t\t\t\t\t\t<div class=\"elementor-container elementor-column-gap-default\">\n\t\t\t\t\t<div class=\"elementor-column elementor-col-100 elementor-top-column elementor-element elementor-element-742db0d\" data-id=\"742db0d\" data-element_type=\"column\">\n\t\t\t<div class=\"elementor-widget-wrap elementor-element-populated\">\n\t\t\t\t\t\t<div class=\"elementor-element elementor-element-02b1e31 elementor-widget elementor-widget-text-editor\" data-id=\"02b1e31\" data-element_type=\"widget\" data-widget_type=\"text-editor.default\">\n\t\t\t\t<div class=\"elementor-widget-container\">\n\t\t\t\t\t\t\t<p>\u00a0<\/p><p><strong>Instituto Sananda &#8211; Terapias Integrativas<br \/>Associa\u00e7\u00e3o sem fins lucrativos<\/strong><br \/>Email: <strong>institutosananda@gmail.com<\/strong><\/p>\t\t\t\t\t\t<\/div>\n\t\t\t\t<\/div>\n\t\t\t\t\t<\/div>\n\t\t<\/div>\n\t\t\t\t\t<\/div>\n\t\t<\/section>\n\t\t\t\t<\/div>\n\t\t","protected":false},"excerpt":{"rendered":"<p>A partir de maio de 2026, nossos atendimentos ser\u00e3o realizados exclusivamente no formato on-line. Favor aguarde a libera\u00e7\u00e3o do sistema de agendamento. Terapia Reiki Atendimento online ao vivo, com hora marcada, por videochamada com o terapeuta. Gratuito! Uma pr\u00e1tica energ\u00e9tica de harmoniza\u00e7\u00e3o que promove equil\u00edbrio, relaxamento e reconex\u00e3o com o seu estado natural de bem-estar. [&hellip;]<\/p>\n","protected":false},"author":1,"featured_media":0,"parent":0,"menu_order":0,"comment_status":"closed","ping_status":"closed","template":"elementor_header_footer","meta":{"footnotes":""},"class_list":["post-14816","page","type-page","status-publish","hentry"],"_links":{"self":[{"href":"https:\/\/www.institutosananda.org\/index.php\/wp-json\/wp\/v2\/pages\/14816","targetHints":{"allow":["GET"]}}],"collection":[{"href":"https:\/\/www.institutosananda.org\/index.php\/wp-json\/wp\/v2\/pages"}],"about":[{"href":"https:\/\/www.institutosananda.org\/index.php\/wp-json\/wp\/v2\/types\/page"}],"author":[{"embeddable":true,"href":"https:\/\/www.institutosananda.org\/index.php\/wp-json\/wp\/v2\/users\/1"}],"replies":[{"embeddable":true,"href":"https:\/\/www.institutosananda.org\/index.php\/wp-json\/wp\/v2\/comments?post=14816"}],"version-history":[{"count":22,"href":"https:\/\/www.institutosananda.org\/index.php\/wp-json\/wp\/v2\/pages\/14816\/revisions"}],"predecessor-version":[{"id":15250,"href":"https:\/\/www.institutosananda.org\/index.php\/wp-json\/wp\/v2\/pages\/14816\/revisions\/15250"}],"wp:attachment":[{"href":"https:\/\/www.institutosananda.org\/index.php\/wp-json\/wp\/v2\/media?parent=14816"}],"curies":[{"name":"wp","href":"https:\/\/api.w.org\/{rel}","templated":true}]}}